ase 14, what is -5 + -80473?
-80478
In base 4, what is 1122003003 + 10?
1122003013
In base 2, what is 101 - -1001110000110011?
1001110000111000
In base 3, what is -100210 - -2200220?
2100010
In base 10, what is 17135 + 4?
17139
In base 16, what is 950 - -27?
977
In base 6, what is 302 - -1344?
2050
In base 9, what is 16117 + -11?
16106
In base 13, what is 18b9 - -a1?
198a
In base 14, what is -23 + -52c6?
-5309
In base 14, what is 3001 + 6?
3007
In base 13, what is 1524a1b - 4?
1524a17
In base 12, what is -27 - 7316?
-7341
In base 15, what is 17 + -db?
-c4
In base 3, what is 2 - -21202110022?
21202110101
In base 6, what is 2 - -33041522?
33041524
In base 6, what is 133044 + -43?
133001
In base 2, what is -1101010010001001 - -101011?
-1101010001011110
In base 6, what is 0 + 12442?
12442
In base 8, what is -106461 + -2?
-106463
In base 8, what is -21223 + 3?
-21220
In base 14, what is 78 - -4d2?
56a
In base 12, what is 4 - -686a?
6872
In base 2, what is -111111001101001000 + 10?
-111111001101000110
In base 10, what is -5977 + 207?
-5770
In base 9, what is -2405 - -5245?
2740
In base 3, what is 102110200 - -1020?
102111220
In base 14, what is c3 + -1a?
a7
In base 3, what is 201110112 - 10?
201110102
In base 15, what is 1682 - 3?
167e
In base 3, what is -12 - -1110002122?
1110002110
In base 10, what is -106 - -245?
139
In base 12, what is 12b19 + -27?
12ab2
In base 13, what is 79 - 20bb?
-2042
In base 16, what is -1 - 589d?
-589e
In base 15, what is -282b - b?
-2837
In base 12, what is -57a8 + -1a3?
-598b
In base 12, what is 3 - 2a1a1?
-2a19a
In base 15, what is -1421c + -2?
-1421e
In base 9, what is 3 + -35105?
-35102
In base 13, what is 3c63 - -8?
3c6b
In base 2, what is 101110100111 + 10?
101110101001
In base 7, what is 3330 - -50?
3410
In base 12, what is -21 - -348b?
346a
In base 11, what is 7 - -30a5?
3101
In base 11, what is 10 + 12390?
123a0
In base 10, what is 13 + -321865?
-321852
In base 15, what is 32a - e07?
-acc
In base 8, what is 1022255 - 4?
1022251
In base 12, what is 1360b - -8?
13617
In base 2, what is -100001001100110100 + -10111?
-100001001101001011
In base 10, what is 7729961 - -1?
7729962
In base 7, what is 511 - 255?
223
In base 9, what is 74724 + 1?
74725
In base 13, what is 17 + -10380?
-10366
In base 9, what is -170181 + 4?
-170176
In base 12, what is 3133a7 + 0?
3133a7
In base 7, what is -5 - -3264514?
3264506
In base 8, what is -74362 - 3?
-74365
In base 14, what is -7 - -853b?
8534
In base 5, what is 30402 - -3104?
34011
In base 5, what is -2403310 + -1?
-2403311
In base 7, what is 3 + 40435?
40441
In base 13, what is -12 - -5ca9?
5c97
In base 9, what is -16 - -27150?
27133
In base 13, what is -5b98 - -3?
-5b95
In base 6, what is -44245454 + 4?
-44245450
In base 3, what is 11 + 1001212222101?
1001212222112
In base 6, what is 41 - 2523024?
-2522543
In base 13, what is 5 + 4a0ca5?
4a0caa
In base 2, what is 1010011110001100110 - 1?
1010011110001100101
In base 16, what is 2907 - 5?
2902
In base 3, what is -12101212010 - 101?
-12101212111
In base 5, what is -412023 - -34?
-411434
In base 11, what is -76 - 18812?
-18888
In base 6, what is -20040 + 30?
-20010
In base 13, what is -518 - -13?
-505
In base 14, what is 4ab3 + 6?
4ab9
In base 14, what is 5 - 4958?
-4953
In base 12, what is -1 - 1753?
-1754
In base 4, what is -23 - -202222110?
202222021
In base 6, what is -5 + -12343521?
-12343530
In base 5, what is 4 + 22103012?
22103021
In base 15, what is -4adb - 3?
-4ade
In base 8, what is 5703524 + -4?
5703520
In base 16, what is 4 - -ccf?
cd3
In base 5, what is -1310442 + -242?
-1311234
In base 11, what is 2 + -71a4?
-71a2
In base 16, what is 260f4 + 5?
260f9
In base 12, what is -2719b + 0?
-2719b
In base 16, what is 1dd - -20?
1fd
In base 2, what is 10 + -10000111100100?
-10000111100010
In base 5, what is -2 - -1041143?
1041141
In base 16, what is -3a3 - 5?
-3a8
In base 11, what is -72 + -4925?
-4997
In base 7, what is -6152 - 63?
-6245
In base 14, what is -1 - 294d0?
-294d1
In base 15, what is 13 + -1c4?
-1b1
In base 12, what is 4 - 24a61?
-24a59
In base 15, what is -536 + 2e?
-507
In base 9, what is -31 + 1025?
884
In base 8, what is -20617 + -100?
-20717
In base 6, what is -5 + -124240?
-124245
In base 6, what is -4 - -543255?
543251
In base 7, what is -264 - 14?
-311
In base 7, what is -10 - 1441525?
-1441535
In base 10, what is 4001 - 1597?
2404
In base 14, what is -10 + 504d?
503d
In base 15, what is -3 + -19051e?
-190522
In base 14, what is -22 - -3917?
38d5
In base 15, what is -158 + 91?
-b7
In base 16, what is -adf + 1f?
-ac0
In base 11, what is 6 + -643a?
-6434
In base 3, what is -12010102221 - 2?
-12010110000
In base 9, what is 267858 - -1?
267860
In base 13, what is -a37ca - 2?
-a37cc
In base 15, what is 119 + 37b?
495
In base 10, what is 9 - 2768?
-2759
In base 11, what is -2841 - -2?
-283a
In base 10, what is 6 + 2979?
2985
In base 16, what is -9c7c + -8?
-9c84
In base 4, what is -2 - 10321320?
-10321322
In base 13, what is 4 + -311b41?
-311b3a
In base 8, what is -2561 - -3?
-2556
In base 6, what is -43 - -53?
10
In base 3, what is -21 - -22012011?
22011220
In base 9, what is -106 + 834?
727
In base 13, what is 28b1 + -b?
28a3
In base 14, what is -3 + -9b103?
-9b106
In base 16, what is 2f5 - 392?
-9d
In base 14, what is 1 - 7b144?
-7b143
In base 16, what is -1f46e + -1?
-1f46f
In base 6, what is 3224130 + 4?
3224134
In base 14, what is -6d + -4a24?
-4a93
In base 13, what is 758 + 11?
769
In base 16, what is -23 + -8fed?
-9010
In base 2, what is -100 + 110011010001110100?
110011010001110000
In base 2, what is -1011010 - 11111000000010?
-11111001011100
In base 10, what is -13009 + 5?
-13004
In base 2, what is -100 - 10001011000111001?
-10001011000111101
In base 7, what is -12522453 + 5?
-12522445
In base 10, what is -980465 - -3?
-980462
In base 4, what is 1 - -2321231002?
2321231003
In base 3, what is 10002111110 - 1?
10002111102
In base 14, what is 25 - c3a?
-c15
In base 11, what is 3894 + -25?
386a
In base 7, what is -5 + -2006112?
-2006120
In base 15, what is -d + 917d?
9170
In base 12, what is -124 + 36?
-aa
In base 10, what is 0 - -984800?
984800
In base 7, what is -662 - 12031?
-13023
In base 16, what is 81 + -15e?
-dd
In base 14, what is 1 - -18ad?
18b0
In base 7, what is 223 + 5365?
5621
In base 5, what is 10 - 2020020?
-2020010
In base 13, what is 80b - -8?
816
In base 9, what is 854 - 137?
716
In base 13, what is 12b3 + -11?
12a2
In base 7, what is 5 - -32626?
32634
In base 2, what is 1100000000001011 + 1000?
1100000000010011
In base 13, what is -6a5a25 - 5?
-6a5a2a
In base 11, what is 1307 + 6?
1312
In base 5, what is -20 - 13314?
-13334
In base 2, what is -10000 - -1011110101100111?
1011110101010111
In base 16, what is 1 + -87e63?
-87e62
In base 16, what is -5 + -18f17?
-18f1c
In base 11, what is 4 - 331898?
-331894
In base 11, what is 3 - -463a?
4642
In base 3, what is -10212012221 + 0?
-10212012221
In base 14, what is -29 - -5512?
54c7
In base 14, what is -14b9dc8 + 4?
-14b9dc4
In base 10, what is 0 + 29703?
29703
In base 9, what is -11 - 6762?
-6773
In base 12, what is 5 + -14b8ab?
-14b8a6
In base 12, what is 20 + -17245?
-17225
In base 5, what is -213414 + -42?
-214011
In base 11, what is 1 - -1230?
1231
In base 13, what is 5 - 221ba3?
-221b9b
In base 4, what is -22011202 - -20?
-22011122
In base 11, what is 1a82300 - 3?
1a822a8
In base 12, what is 54 - 3a6?
-352
In base 14, what is 5 + -9c546?
-9c541
In base 13, what is 2 + 1770?
1772
In base 3, what is 11 - 10111220211?
-10111220200
In base 8, what is 437 - -7456?
10115
In base 7, what is -4 + -516424?
-516431
In base 6, what is -11044 + 451?
-10153
In base 14, what is 119 - 2bb?
-1a2
In base 10, what is -9801 - 1?
-9802
In base 14, what is -159 + -23a?
-395
In base 13, what is -16625 + -9?
-16631
In base 6, what is 103 + -1400?
-1253
In base 8, what is 507 + -17?
470
In base 9, what is 225 - -287?
523
In base 9, what is -53520 + 4?
-53515
In base 2, what is -1 + -1010111001101011?
-1010111001101100
In base 4, what is -1020 - 1032?
-2112
In base 8, what is 20375 - -10?
20405
In base 8, what is -2 + 32105?
32103
In base 7, what is 3 - -1264014?
1264020
In base 5, what is 12243020 - 3?
12243012
In base 15, what is -4 + -8dc1?
-8dc5
In base 3